se 5) to base 11
-217630a
146643 (base 14) to base 15
e01e2
What is 320057 (base 8) in base 9?
172131
Convert 96894 (base 10) to base 9.
156820
What is 5044435 (base 6) in base 14?
633cb
Convert 101111000000000101111 (base 2) to base 14.
2c13c3
Convert -c2cd (base 16) to base 10.
-49869
What is -1111100000101001010 (base 2) in base 3?
-221211011111
Convert 180970 (base 12) to base 6.
12530220
What is 111010110000000000011110 (base 2) in base 5?
12420312430
-16447b (base 16) to base 2
-101100100010001111011
Convert -1000100011111001 (base 2) to base 6.
-430201
Convert -1008574 (base 12) to base 14.
-58173a
What is -15504253 (base 7) in base 5?
-340403311
Convert -499736 (base 11) to base 5.
-200220323
136a56 (base 11) to base 16
344d7
Convert -1020030302 (base 4) to base 12.
-123182
Convert 11000100100101101 (base 2) to base 7.
566310
Convert 6149623 (base 12) to base 15.
190b8d3
What is -722747 (base 9) in base 10?
-428533
Convert 2051001 (base 6) to base 8.
303251
Convert 1643c (base 16) to base 4.
112100330
What is -120102000212 (base 3) in base 7?
-2402135
What is -35531524 (base 6) in base 5?
-241210033
-1131289 (base 14) to base 5
-4043421430
What is -32232200233 (base 4) in base 14?
-726c7d
11110022102 (base 3) to base 5
10301312
Convert 1303141241 (base 5) to base 8.
14076340
439a4 (base 12) to base 10
89548
Convert 27fdd (base 16) to base 10.
163805
Convert 18bc3d (base 16) to base 14.
302a97
What is -221242102 (base 5) in base 11?
-5a7974
What is 1332313212 (base 4) in base 6?
15045450
Convert -4a010 (base 12) to base 9.
-162443
What is 1731a2a (base 11) in base 8?
13170606
What is 10646561 (base 9) in base 10?
5168341
Convert -80a395 (base 12) to base 6.
-111014305
-11023023001 (base 4) to base 10
-1356481
1265600 (base 7) to base 9
275008
What is 96eb (base 15) in base 11?
22002
Convert 3615696 (base 10) to base 13.
997986
Convert 1aa32a3 (base 12) to base 15.
7751a9
What is -11010110100011000 (base 2) in base 4?
-122310120
What is -98a95e (base 15) in base 10?
-7275239
What is 102001203 (base 4) in base 10?
73827
-112002022012112 (base 3) to base 6
-424235105
-11123033123 (base 4) to base 10
-1422299
Convert 77084 (base 11) to base 16.
1b518
-583a1 (base 11) to base 8
-244547
What is 29697 (base 13) in base 2?
10011000011010001
Convert -3172476 (base 9) to base 10.
-1701150
-2021210022022 (base 3) to base 12
-4a7998
What is -ba08 (base 16) in base 6?
-1004252
What is 23091 (base 13) in base 5?
4020311
Convert -3231502 (base 8) to base 12.
-35876a
What is 134706b (base 13) in base 3?
102102102000122
36016231 (base 7) to base 16
308a2e
Convert -19ba65 (base 12) to base 4.
-1233110231
15414351 (base 7) to base 9
2710226
Convert -3113032 (base 5) to base 4.
-30131021
What is -1526 (base 10) in base 2?
-10111110110
What is 12a21d (base 14) in base 5?
131030030
Convert 20606043 (base 7) to base 15.
2487cc
What is 4565571 (base 9) in base 3?
11122012122101
-13253444 (base 7) to base 15
-19272b
Convert 67b299 (base 15) to base 2.
10010111000000101111000
-2bbaa8 (base 13) to base 8
-4102600
Convert 232c9 (base 14) to base 8.
247201
What is -15054101 (base 7) in base 4?
-11123330333
-a346 (base 11) to base 15
-40ed
-2b365 (base 16) to base 13
-62742
-31220033230 (base 4) to base 6
-204324204
What is 1001112220 (base 3) in base 6?
240210
What is -b000 (base 13) in base 9?
-36132
-22011001201 (base 3) to base 7
-1235500
-615897 (base 10) to base 4
-2112113121
Convert -6429a (base 16) to base 15.
-81861
-19a61 (base 14) to base 3
-10022101020
-7976b4 (base 12) to base 5
-444112134
265dc (base 14) to base 12
46806
Convert 13552254 (base 6) to base 13.
13402c
Convert 949a52 (base 16) to base 14.
14171d0
What is -14125034 (base 6) in base 9?
-807654
-2050165 (base 7) to base 9
-416327
Convert 3030121011 (base 4) to base 5.
203242224
Convert -2102101210001 (base 3) to base 16.
-13a455
What is -41413401 (base 6) in base 12?
-49a261
Convert -a3edce (base 16) to base 8.
-50766716
626923 (base 11) to base 5
224122223
Convert -49ab2 (base 13) to base 16.
-212ac
12014210 (base 5) to base 14
2c40b
55b03 (base 15) to base 16
4285e
-12223102111 (base 4) to base 8
-6532225
Convert 110111101101000011110010 (base 2) to base 9.
30425750
Convert -8803727 (base 9) to base 7.
-55114315
Convert -1045051 (base 6) to base 13.
-1b142
Convert -3584286 (base 9) to base 7.
-22351113
Convert 1ca43 (base 13) to base 2.
1101110101011110
Convert 1111101100011110101011 (base 2) to base 7.
46654116
What is -285809 (base 10) in base 7?
-2300156
Convert 306b751 (base 12) to base 5.
4312234240
-14ba627 (base 14) to base 2
-100110101001101001011011
Convert 19da32 (base 15) to base 14.
24b87a
Convert -22310122222 (base 4) to base 12.
-b4934a
What is 2100110301 (base 4) in base 9?
1100816
Convert 106a42 (base 11) to base 3.
22122121011
What is -30231 (base 12) in base 3?
-10011210001
Convert -13000402 (base 5) to base 8.
-364256
Convert 7bba7 (base 13) to base 8.
671452
Convert 22901a (base 12) to base 8.
2073326
233cd (base 15) to base 2
11011011001110011
What is -10110011000000111010 (base 2) in base 7?
-6142506
-315636 (base 10) to base 4
-1031003310
Convert 76653 (base 9) to base 2.
1100011010010011
What is 269382 (base 14) in base 3?
2111122112101
Convert -1355371 (base 9) to base 16.
-b5f81
63116 (base 7) to base 11
10709
What is -130024103 (base 6) in base 11?
-1473563
What is -37361 (base 8) in base 12?
-93a9
Convert -36786 (base 11) to base 7.
-310040
1001011111001100000 (base 2) to base 9
523402
1631c (base 16) to base 8
261434
What is -100222200002 (base 3) in base 7?
-1446101
What is -1120201200210 (base 3) in base 8?
-3152524
Convert 48a6a2 (base 12) to base 2.
100011111111101011010
Convert 11100010010101000 (base 2) to base 16.
1c4a8
Convert -2022021202100 (base 3) to base 8.
-4532416
-11052322 (base 6) to base 11
-208727
What is -164a5 (base 11) in base 14?
-8670
Convert 21617624 (base 8) to base 2.
10001110001111110010100
Convert 10402457 (base 8) to base 7.
24644102
-141555521 (base 6) to base 10
-2892649
What is 4024441 (base 7) in base 8?
1643503
What is -30a838 (base 14) in base 2?
-110010001000000100010
Convert -21155111 (base 6) to base 15.
-c4407
What is -3aa1d (base 16) in base 8?
-725035
What is -32642656 (base 7) in base 16?
-2afd72
What is 11307676 (base 9) in base 13?
11a61b9
Convert a53d8 (base 16) to base 9.
1241376
145660 (base 9) to base 7
521604
Convert 4005511 (base 6) to base 14.
4c68b
-14520616 (base 7) to base 8
-5215563
What is -2211110020220 (base 3) in base 15?
-1ead2c
26752b (base 15) to base 6
103332135
Convert 54153425 (base 7) to base 15.
613612
23763c (base 13) to base 15
11a443
Convert 324140333 (base 5) to base 15.
1c8ae8
Convert 1d771b (base 14) to base 7.
11664034
Convert 613243 (base 7) to base 3.
12022012201
What is -10100100001010110000 (base 2) in base 13?
-1a70b7
24a7120 (base 13) to base 8
53507546
-190886 (base 10) to base 3
-100200211212
-311131301120 (base 4) to base 3
-222101001202102
Convert -221002100222 (base 3) to base 8.
-1704352
What is 31830 (base 9) in base 4?
11021133
What is -1767b3 (base 14) in base 3?
-1112220022112
Convert c924f (base 16) to base 4.
3021021033
1012111211 (base 4) to base 9
478172
396a33 (base 11) to base 2
10011000011000011010
What is -1222313 (base 6) in base 3?
-10022122100
Convert -1323166 (base 8) to base 4.
-1122121312
What is 322333203 (base 5) in base 11?
857102
-242032022 (base 5) to base 13
-30605b
Convert -1001110010110100100111 (base 2) to base 7.
-30552213
What is 6565060 (base 9) in base 8?
15350454
Convert -1021011201220 (base 3) to base 13.
-1a7243
What is -7358b (base 14) in base 5?
-32400442
Convert 1306272 (base 8) to base 11.
229292
-6927b (base 13) to base 15
-3bb6e
-18cb0 (base 13) to base 11
-33327
144560 (base 7) to base 12
142b2
Convert 33dba (base 15) to base 16.
284ec
9b6805 (base 12) to base 14
487673
Convert 11012211121 (base 3) to base 15.
198c7
Convert -27a9bc (base 13) to base 11.
-5aa987
What is 1405113 (base 6) in base 11?
542a4
288360 (base 9) to base 8
531113
-12011324433 (base 5) to base 10
-13776868
What is 1aa3a5 (base 11) in base 3?
121022200010
What is -1577807 (base 11) in base 7?
-31601246
Convert -56204 (base 11) to base 14.
-2196d
Convert 261a20 (